n(h) = h**2 + 12*h - 7. Let p be n(g). Calculate the highest common divisor of 24 and p.
6
Suppose 51 = 3*c + 3*w, -2*c = -7*c + 4*w + 67. What is the highest common factor of 60 and c?
15
Let l = -10 - -17. Let p(k) = -5*k**3 - 4*k**2 - 3*k - 2. Suppose 13 - 5 = -4*i. Let j be p(i). Calculate the greatest common divisor of j and l.
7
Let d be -5 + 7 - 5 - -311. What is the greatest common factor of 4 and d?
4
Let g = 96 + 3. Suppose -493 = -8*q - 229. What is the greatest common factor of g and q?
33
Suppose -8*q + 8529 - 8089 = 0. Suppose 2*k + 49 = 5*l, 6 = l - 2*k + 1. What is the highest common factor of l and q?
11
Let o = -9 + 10. Let w = -3 + o. Let h be (3/w)/((-1)/2). What is the greatest common factor of 24 and h?
3
Let z(b) = 1 + 3 - 1 + b. Let w = -16 - -26. Let p be z(w). What is the highest common factor of p and 117?
13
Suppose -k - 2*k + 41 = 4*z, 5*k - 55 = -4*z. What is the highest common divisor of k and 161?
7
Let b(g) = 15*g - 7. Let d be b(5). Suppose 2*u + 16 = d. Suppose -3*l = 5 - u. What is the highest common factor of l and 1?
1
Let z = -1556 + 1636. Calculate the highest common divisor of z and 270.
10
Let p = -61 - -65. Suppose 4*h - 4*c - 464 = 0, 0*c - p*c + 616 = 5*h. What is the highest common factor of h and 15?
15
Let o(g) = -140 + 65 + 67 + 16*g. Let f be o(2). Calculate the highest common factor of 12 and f.
12
Let k be 10/(-6) + (-2)/(-3). Let v be k/1 + 181 + -4 + 8. Calculate the greatest common factor of 23 and v.
23
Let q(h) = 20*h - 5. Let a be q(7). Let p = 23 + -4. Suppose i = p + 8. Calculate the greatest common factor of i and a.
27
Let c(p) = 4*p**2 + 10*p - 4. Let k be c(-6). What is the greatest common factor of 280 and k?
40
Suppose 0 = -3*q - 9, 0 = -2*d + 4*d - q - 19. What is the highest common factor of d and 144?
8
Let i(f) = f**3 - 5*f**2 - 3*f - 13. Let p be i(6). Suppose 0 = 3*h + p - 20. Calculate the greatest common factor of h and 1.
1
Suppose 3*o = 2*y - 0*y + 261, -4*o = 5*y - 325. Calculate the greatest common divisor of o and 10.
5
Suppose l + 2*z = -1, -4*l + z - 4*z + 16 = 0. Let d(x) = 11*x**2 - l*x**2 + 1 + 8*x**2. Let m be d(1). What is the highest common factor of m and 13?
13
Suppose -4*p - 10 = 3*b, -6*p - 18 = -2*p - b. Let y be (182/(-21))/(0 - p/(-6)). Calculate the highest common factor of 13 and y.
13
Let d(l) = -4*l**2 + 35*l - 12. Let g be d(7). Calculate the highest common divisor of 185 and g.
37
Let b = 28 - 23. Suppose b = -k + 21. What is the greatest common divisor of 40 and k?
8
Let d = 22 + -15. Let f = d - -1. Calculate the highest common divisor of f and 64.
8
Suppose -2 = 2*q - 0*q. Let h(z) = z + 1. Let o be h(q). Let g(r) = -r**3 + r**2 - r + 13. Let f be g(o). What is the greatest common factor of f and 39?
13
Let m = -145 + 162. Let d(z) = 17*z + 4. Let o be d(6). Suppose -o = -3*f + 149. Calculate the highest common divisor of f and m.
17
Let q = -15 + 35. Suppose 0 = 4*j - q - 24. Let k be (-33)/2*48/(-9). What is the highest common factor of k and j?
11
Let u(s) = s**2 - 2*s + 4. Let j be u(4). Let v(r) = r**3 + 17*r**2 + 29*r - 3. Let w be v(-15). Calculate the greatest common divisor of w and j.
12
Let q be (-5 + -51 + 2)/(4/(-2)). Let p = 3 + 0. Suppose -2*l + 114 = 2*l + 3*y, 75 = p*l - 3*y. What is the highest common factor of l and q?
27
Suppose 4*r + 2*l - 260 = 0, 61 = r + 2*l - 4. Calculate the greatest common factor of r and 15.
5
Let d = -9 - -14. Suppose -7*h = -d*h - 52. What is the highest common factor of 65 and h?
13
Let p = 0 - 0. Suppose -64 = -p*t - 4*t. Suppose -669 = -6*z + 291. What is the highest common divisor of z and t?
16
Suppose 19 - 16 = i. Suppose -i*y - x + 21 = -0*x, -18 = -3*y - 2*x. What is the greatest common divisor of y and 8?
8
Suppose -23 = 3*a + 64. Let l = 7 + -11. Let x = l - a. Calculate the greatest common divisor of 200 and x.
25
Let p be (-48)/(-72) - ((-64)/(-6) - -2). Let y be 2*((-13)/(-4) + (-3)/p). Calculate the greatest common divisor of 28 and y.
7
Suppose 0 = -2*f - 4*j + 26, -2*f - 2*j + 56 = -4*j. Suppose 1 = -2*r + f. Suppose -3*q - r = -146. What is the greatest common factor of q and 18?
9
Suppose -5*s + 7 = 3*b, -6*s + 4*s - 8 = 0. Let l(n) = n**3 - 4*n**2 - 5*n + 3. Let i be l(5). What is the highest common factor of i and b?
3
Suppose 0 = 3*c - 5*p - 26, 5*c + 4*p - 3 = 65. Calculate the greatest common divisor of 36 and c.
12
Suppose -9 + 0 = -3*m. Suppose 6*r - 95 = -3*x + 8*r, -2*x - 5*r + 76 = 0. Calculate the highest common divisor of m and x.
3
Let h(y) = y**3 + 11*y**2 - 3*y - 21. Let r be h(-9). Calculate the greatest common factor of 24 and r.
24
Let h(b) = 3*b**3 - 4 + 5 - 2 + 2*b**2. Let y be h(1). Suppose 3*q = -0*c + y*c - 59, -2*q + 12 = 2*c. Calculate the greatest common divisor of 55 and c.
11
Let g(n) = -3*n - 14. Let l be g(-6). Suppose -l = -2*r - 0. Suppose -3*u + 104 = 2*p, -r*p - 138 = -4*u - 5*p. What is the highest common divisor of u and 180?
36
Let d(v) = v**2 + 3*v - 12. Suppose -5 - 5 = -2*t. Let q be d(t). Calculate the greatest common factor of q and 7.
7
Let u be (-102)/(-6) - (-6)/(-2). Let a = 0 + 3. Suppose 5*h + 10 = 0, 0*j - j = a*h - 36. Calculate the greatest common factor of u and j.
14
Let f = 839 - -771. Calculate the highest common divisor of f and 14.
14
Let s(j) = -6*j - 50. Let x be s(-19). Calculate the highest common divisor of 144 and x.
16
Suppose 3*x + 1 = 2*x. Let z(m) = -m**2 - m. Let w be z(x). Suppose 4*k - 69 - 51 = w. What is the highest common factor of k and 12?
6
Suppose 0 = -2*i - 2*i + 3*n + 198, -3*i - 3*n = -138. Suppose 5*f + 0 - 5 = -5*w, -20 = 4*f. What is the greatest common factor of i and w?
6
Let i be (-18)/72 + (-63)/(-12). Let s(w) = -w**3 + 9*w**2 - 7*w - 3. Let m be s(8). Calculate the highest common factor of m and i.
5
Suppose 20 = -189*i + 191*i. Let r = -3 - -3. Let s(z) = -z**2 + z + 80. Let p be s(r). Calculate the greatest common divisor of p and i.
10
Let r(o) = -10*o + 384. Let c be r(37). Calculate the greatest common divisor of 301 and c.
7
Suppose -4*w = -7*w. Suppose 3*n = y + 48, -57 = -3*n - w*n + 4*y. Suppose -3*i = -8 - 307. What is the greatest common factor of i and n?
15
Let x be 0 - (-14)/91 - 37/(-13). Suppose 0 = -7*f + x*f + 16. What is the greatest common factor of 16 and f?
4
Let i = 187 + -183. Calculate the highest common factor of 12 and i.
4
Suppose 25*d + 644 = 32*d. What is the highest common factor of d and 69?
23
Suppose -7*o = -301 - 224. Suppose -3*b - o = -8*b. What is the greatest common divisor of b and 105?
15
Let n(r) = -r - 7. Let v be n(-7). Suppose m = -v*m. Let w = m - -3. What is the greatest common factor of 2 and w?
1
Let t(l) = l**3 + 4*l**2 + 5*l + 4. Let v be t(-3). Let n = 4 + v. Suppose 3*h = 182 - 152. Calculate the greatest common divisor of h and n.
2
Let l be (-1 - 3)*(-2)/8. Suppose 4*q - 25 = -l. Let f = 60 - 18. Calculate the highest common factor of q and f.
6
Let k = -14 - -17. Suppose -5*z = 2*g - 78, 3*z + 8*g = k*g + 62. Let r be 4/8*z*1. What is the highest common factor of r and 49?
7
Let h(r) = -r**3 - 5*r**2 - 2*r + 7. Let p be h(-5). Let d be (37/74)/(2/160). Let l = d - p. Calculate the highest common divisor of 207 and l.
23
Let j be 46*(-47)/6 + 6/18. Let c be ((-60)/(-50))/((-1)/j*2). Calculate the highest common divisor of c and 54.
54
Let q be ((-18)/(-15))/((-4)/(-110)). Let g = 85 - q. Suppose 2*r = 4*r - g. What is the highest common factor of r and 39?
13
Suppose -14*y + 6417 = 817. What is the highest common divisor of y and 10?
10
Let i(r) = -5*r**2 + 180*r + 94. Let f be i(34). Calculate the highest common divisor of 42 and f.
14
Let g = -483 + 973. What is the highest common factor of g and 70?
70
Let u(k) be the third derivative of 5*k**4/24 - k**3/6 + 5*k**2. Let b be u(2). Let h = -3 + b. Calculate the highest common factor of 18 and h.
6
Let x(g) = g**3 + 28*g**2 + 29*g + 56. Let v be x(-27). What is the greatest common factor of 68 and v?
2
Suppose -y + 5*s = -35, 3*y - 5*y + 98 = 4*s. Suppose p - 5*p = 0. Suppose p = -3*m + 49 - 4. Calculate the highest common divisor of y and m.
15
Let n = -35 + 23. Let l be 15 - (n/4 + 0). Suppose -340 = -5*z + 5*t, 4*z - 308 = -5*t - 0*t. What is the highest common factor of z and l